 2128505 a composite number?
True
Is 115573 prime?
False
Is 4143 prime?
False
Is 365611 a composite number?
False
Is 1939 composite?
True
Is 31451 a composite number?
True
Is 65323 prime?
True
Is 14669 a composite number?
False
Is 6541 prime?
False
Is 202469 composite?
True
Is 95591 a prime number?
False
Is 2581 a prime number?
False
Is 776159 composite?
False
Is 156062 prime?
False
Is 39811 a prime number?
False
Is 4377 composite?
True
Is 8317 prime?
True
Is 121831 a prime number?
False
Is 87506 prime?
False
Is 15307 prime?
True
Is 13051 composite?
True
Is 181911 prime?
False
Is 31829 prime?
False
Is 16033 composite?
False
Is 4187 a composite number?
True
Is 3005 a composite number?
True
Is 24559 a prime number?
False
Is 106909 a composite number?
True
Is 280537 prime?
True
Is 12013 a prime number?
False
Is 2325097 composite?
False
Is 5951 a composite number?
True
Is 98671 a prime number?
False
Is 42002 a composite number?
True
Is 4265 composite?
True
Is 329417 composite?
True
Is 267067 composite?
True
Is 281795 a prime number?
False
Is 1834331 a composite number?
True
Is 53321 prime?
False
Is 151229 prime?
False
Is 43773 composite?
True
Is 680813 a composite number?
True
Is 1271 a composite number?
True
Is 376511 a prime number?
True
Is 21259 a composite number?
True
Is 2759 a prime number?
False
Is 24731 composite?
True
Is 7141 composite?
True
Is 3974 a composite number?
True
Is 114533 a composite number?
True
Is 3019 a composite number?
False
Is 54973 prime?
True
Is 15167 composite?
True
Is 42797 composite?
False
Is 870281 composite?
True
Is 2609 prime?
True
Is 20993 composite?
True
Is 2987 prime?
False
Is 241589 prime?
True
Is 41333 composite?
False
Is 63241 prime?
True
Is 774833 a composite number?
False
Is 479263 a prime number?
True
Is 2393 prime?
True
Is 22201 a composite number?
True
Is 251 a composite number?
False
Is 3593 a prime number?
True
Is 89255 a composite number?
True
Is 14813 composite?
False
Is 475141 prime?
True
Is 135799 a composite number?
False
Is 4198358 prime?
False
Is 42433 a prime number?
True
Is 376417 a prime number?
True
Is 413 a prime number?
False
Is 2335711 a prime number?
False
Is 322309 prime?
False
Is 272687 a prime number?
False
Is 2393299 a composite number?
True
Is 419999 composite?
False
Is 25973 a composite number?
True
Is 1778851 composite?
False
Is 4986887 composite?
False
Is 1309289 prime?
False
Is 80482 a composite number?
True
Is 326923 composite?
False
Is 31643 composite?
False
Is 25501 a composite number?
True
Is 3659 composite?
False
Is 63223 composite?
True
Is 6121 a composite number?
False
Is 876833 a composite number?
False
Is 72497 a composite number?
False
Is 550463 composite?
True
Is 135959 a composite number?
True
Is 423293 a composite number?
True
Is 479971 a composite number?
False
Is 514039 composite?
True
Is 906437 a composite number?
True
Is 555209 composite?
False
Is 301651 a composite number?
True
Is 715301 prime?
True
Is 48095 prime?
False
Is 150749 a prime number?
False
Is 1651 prime?
False
Is 385471 a composite number?
False
Is 5513 composite?
True
Is 11558 prime?
False
Is 269489 a composite number?
True
Is 208037 composite?
False
Is 397 a prime number?
True
Is 66137 composite?
False
Is 27845 a composite number?
True
Is 299417 composite?
False
Is 52853 composite?
True
Is 669 composite?
True
Is 81989 prime?
False
Is 630797 composite?
False
Is 34217 composite?
False
Is 21859 composite?
False
Is 145991 a composite number?
False
Is 91607 a composite number?
True
Is 237295 composite?
True
Is 141 prime?
False
Is 19693 composite?
True
Is 3943 prime?
True
Is 6826 a composite number?
True
Is 32311 prime?
False
Is 56251 a prime number?
False
Is 6779 prime?
True
Is 31973 a composite number?
False
Is 1711 a prime number?
False
Is 22241 composite?
True
Is 150317 composite?
True
Is 47623 prime?
True
Is 142621 a prime number?
False
Is 16991 composite?
True
Is 64123 a composite number?
False
Is 426757 composite?
False
Is 8387 composite?
False
Is 1124197 a prime number?
True
Is 698329 composite?
False
Is 76903 composite?
True
Is 29453 a prime number?
True
Is 24481 composite?
False
Is 15727 composite?
False
Is 3458657 a composite number?
False
Is 18341 composite?
False
Is 750571 composite?
False
Is 227893 prime?
True
Is 371563 composite?
True
Is 144745 a composite number?
True
Is 550603 composite?
True
Is 1363 a prime number?
False
Is 163729 prime?
True
Is 7094 prime?
False
Is 162593 prime?
True
Is 67442 a composite number?
True
Is 576457 a prime number?
False
Is 106637 a prime number?
True
Is 63295 prime?
False
Is 58654 a prime number?
False
Is 31039 a composite number?
False
Is 12157 a composite number?
False
Is 18583 a prime number?
True
Is 4249 a composite number?
True
Is 535 a prime number?
False
Is 332561 a composite number?
False
Is 4699 prime?
False
Is 38989 prime?
False
Is 84089 a prime number?
True
Is 6927 prime?
False
Is 70051 prime?
True
Is 2743 composite?
True
Is 7811 composite?
True
Is 1616903 a composite number?
True
Is 452759 composite?
False
Is 34807 composite?
False
Is 510467 prime?
False
Is 3707 a composite number?
True
Is 33209 a composite number?
True
Is 2153 composite?
False
Is 40693 prime?
True
Is 3349 prime?
False
Is 25013 a prime number?
True
Is 22969 a prime number?
False
Is 34535 a composite number?
True
Is 20209 a prime number?
False
Is 82721 a composite number?
False
Is 25855 prime?
False
Is 14963 a prime number?
False
Is 1151 composite?
False
Is 372047 composite?
True
Is 42899 a prime number?
True
Is 11993 a composite number?
True
Is 95365 composite?
True
Is 2754155 prime?
False
Is 1764431 prime?
True
Is 597577 composite?
False
Is 254549 a composite number?
True
Is 17519 a composite number?
False
Is 7639 a composite number?
False
Is 35503 prime?
False
Is 72361 prime?
False
Is 62743 prime?
True
Is 2359 a prime number?
False
Is 34517 a prime number?
False
Is 6371 prime?
False
Is 41357 composite?
False
Is 15161 a prime number?
True
Is 97321 a composite number?
True
Is 5189 composite?
False
Is 47239 a prime number?
False
Is 62591 a prime number?
True
Is 7517 composite?
False
Is 103517 composite?
True
Is 388459 prime?
True
Is 7341 a composite number?
True
Is 7339 a composite number?
True
Is 6779 a composite number?
False
Is 107191 a composite number?
True
Is 81599 composite?
True
Is 1026029 a prime number?
True
Is 9647 composite?
True
Is 16979 composite?
False
Is 3143 a composite number?
True
Is 19835 prime?
False
Is 8035 composite?
True
Is 1209211 prime?
False
Is 131683 composite?
True
Is 14759 a composite number?
False
Is 2429 composite?
True
Is 125803 a prime number?
True
Is 2805809 prime?
True
Is 45553 prime?
True
Is 31981 composite?
False
Is 879 prime?
False
Is 65329 prime?
False
Is 4162 a composite number?
True
Is 9182 a composite number?
True
Is 178385 a composite number?
True
Is 447 a composite number?
True
Is 47578 composite?
True
Is 46619 a prime number?
True
Is 540169 prime?
False
Is 324673 prime?
True
Is 171491 a prime number?
True
Is 59701 a composite number?
True
Is 4699 prime?
False
Is 14173 a prime number?
True
Is 4577 composite?
True
Is 2346089 prime?
True
Is 2815049 composite?
False
Is 1261967 composite?
True
Is 2120542 a composite number?
True
Is 5789 composite?
True
Is 623171 a composite number?
False
Is 13283 a composite number?
True
Is 645181 a prime number?
False
Is 664109 a composite number?
False
Is 7543 prime?
False
Is 106849 a prime number?
False
Is 753969 a composite number?
True
Is 86809 a prime number?
False
Is 4483 a composite number?
False
Is 3041 a prime number?
True
Is 215081 composite?
True
Is 263086 a composite number?
True
Is 162049 prime?
False
Is 1306541 a prime number?
True
Is 206009 composite?
False
Is 523331 prime?
False
Is 1049 a composite number?
False
Is 7639 a composite number?
False
Is 77 prime?
False
Is 397499 prime?
False
Is 328551 a composite number?
True
Is 13811 composite?
True
Is 149879 a composite number?
True
Is 525701 composite?
True
Is 1707623 prime?
False
Is 38189 composite?
False
Is 9461 prime?
True
Is 67901 a composite number?
False
Is 1201009 composite?
True
Is 1486453 a prime number?
False
Is 552919 composite?
True
Is 253417 prime?
True
Is 249377 a composite number?
False
Is 18101 a composite number?
Tr